4*v**3/3 + 35. Let w(c) be the third derivative of f(c). What is w(-5)?
7
Let y(s) = 2*s**2 - 64 - 70 + 3*s + 133. Suppose 5*d + 48 = 9*d. Suppose -28 = -d*g - 2*g. Calculate y(g).
13
Let v = 13073 + -13065. Let k(l) = l**2 - 21*l + 99. What is k(v)?
-5
Let r(x) = -x**2 - 16*x - 6. Let b be -302 - (-56)/42*(-6)/8. Let c = 287 + b. Give r(c).
-6
Let r(n) = n + 5. Suppose -10*s + 27 = -29 + 6. Suppose 0*h - 80 = -4*h. Suppose -3*q - 12 = p, s*p + 60 = -5*q + h. What is r(p)?
-1
Let h be 4/3 + (-12)/(-18). Let d be (1 + 10/h)/(18/(-12)). Let f(b) = -b**3 - 3*b**2 + 3*b - 5. Calculate f(d).
-1
Let a = 20 - 13. Let p(l) = -337 - 330 - 334 + 1336 + 4*l - 342. Give p(a).
21
Let q(s) = -16*s**2 + 4*s + 30. Let r(u) = -7*u**2 + 3*u + 14. Let b(m) = -4*q(m) + 9*r(m). Determine b(-12).
18
Let m be (4/(-6))/(3/18) - -276. Let w(g) = -271*g**2 + 7 + 2*g + 0*g + m*g**2 - g**3 + g - 9. Calculate w(3).
-11
Let t(l) = 103*l + 165. Let n(f) = 58*f + 83. Let b(o) = -5*n(o) + 3*t(o). Give b(-4).
4
Let m(p) be the second derivative of p**7/280 - p**6/360 - p**5/120 + p**4/6 + 11*p**3 - 5*p - 13. Let g(i) be the third derivative of m(i). Calculate g(-1).
10
Suppose 54 = 3*f - 3*i, -5*i = -17*f + 13*f + 75. Suppose 4*x + f = -5*u, -x + 30 = -2*x + 4*u. Let j(h) = 2*h + 5. Determine j(x).
-15
Let j(l) = 16*l**3 + l + 0 - 21*l**3 - 6*l**2 + 7*l**3 - 2. Let b be j(3). Let n(y) = -13*y**2. Determine n(b).
-13
Let q(u) = -u**2 + 13*u - 26. Let o be (-80)/(-6) - (280/(-42))/10. Give q(o).
-40
Let j(l) = -l**3 + 6*l**2 + 7*l - 58. Let q be j(5). Let z(d) be the first derivative of 3*d**4/4 - d**3 + d**2/2 - 2*d + 13. What is z(q)?
12
Suppose 0 = 14*b - 71 + 43. Let x(t) be the second derivative of t**4/12 - t**3/2 + t**2 + 4*t + 4. Determine x(b).
0
Suppose 2*q + 5*b = -19, -q + 3*q = b + 11. Suppose -3*v = 12, q*v + 9 + 3 = -i. Let j(a) = 1 - a**2 - 8*a - 11 + i*a. Determine j(-7).
-3
Let t = -60 - -60. Let v be (30/12)/5*t/(-3). Let p(h) = h**3 - h**2 + h - 17. What is p(v)?
-17
Let k = -26936 + 26942. Let g(f) = 9*f**2 - 7*f + 19. Let j(z) = 5*z**2 - 3*z + 10. Let i(v) = -4*g(v) + 7*j(v). Determine i(k).
0
Let h(k) = -4*k + 114. Let t = 5453 - 5453. Determine h(t).
114
Let h = -365 + 358. Let i(d) = 5*d + 5. Let z(u) = -u - 2. Let f(n) = -i(n) - 6*z(n). Give f(h).
0
Let o(v) = 2*v. Suppose -x + 0*x = q - 61, 0 = 3*x - 2*q - 183. Let g = 53 - x. Let y be (-136)/(-36) + g/(-36). Determine o(y).
8
Let c(g) = -g**3 - 5*g**2 + 1. Suppose -3*k - 4*s = 30, 29*s - 25*s = -12. Calculate c(k).
37
Let q(k) = 2*k + 8. Let l(v) = -1 - 193*v**2 + 97*v**2 - v + 1 + 93*v**2. Let p be (4/(-7))/((-2)/(-7)). Let o be l(p). What is q(o)?
-12
Let a(x) = 4*x**2 + 8*x - 1. Let s(f) = -5*f**2 - 8*f + 3. Let l(h) = -6*a(h) - 5*s(h). Suppose -45 = -72*q + 67*q. Give l(q).
0
Let d(o) = 2*o - 35. Suppose 253*b - 3*g = 255*b - 56, 0 = b - 3*g - 1. What is d(b)?
3
Let q be 2/18 + (-5)/((-45)/(-46)). Let y be (1 + -7)*-1 + q. Let i(p) = 6*p**2 - p + 1. Calculate i(y).
6
Let v(f) be the third derivative of -64*f**2 - 19/6*f**3 + 1/60*f**5 + 1/24*f**4 - 1/120*f**6 + 0 - f. What is v(0)?
-19
Let p(q) = -q**2 - 108*q - 2780. Let x be p(-66). Let f(t) = -t**3 - 8*t**2 - t - 26. Give f(x).
-18
Let c(m) = -m**3 - 309712 - 47*m**2 + 43*m**2 + 309715 + m. What is c(-6)?
69
Let v(f) be the second derivative of -f**5/20 + 7*f**4/12 - 5*f**3/6 - 3*f**2/2 + f + 115. Calculate v(7).
-38
Let a(b) be the first derivative of 8*b**2 - 23*b - 10950. Give a(4).
41
Let f(a) be the second derivative of -a**4/6 - 7*a**3/6 + a**2/2 + 98*a. Determine f(-5).
-14
Let o(p) be the third derivative of -p**6/120 - p**5/15 + 5*p**4/24 - p**3/6 - p**2. Let k = 42 - 68. Let y be ((-4)/(-6))/(k/195). Calculate o(y).
-1
Let r(v) = 4*v**2 - 13*v + 17. Suppose 5*g + 3*c - 62 = 0, 4*c + 140 - 176 = 0. What is r(g)?
122
Let y(i) = -16*i**2 - 2*i - 2. Suppose 0 = -4*u - 4*b, -18 + 17 = -b. What is y(u)?
-16
Let j(x) = x**3 - 58*x**2 + 110*x + 120. Let g(o) = 876*o - 6076. Let q be g(7). Give j(q).
8
Let c be 3*(1 + -3)/(-2). Let b(z) = -14*z**3 - 2*z**2 + 0*z**2 + 6*z**3 + c*z**2 + 2*z**3. What is b(1)?
-5
Let w(m) be the first derivative of -m**4 - 26 + 1/3*m**3 - m + 1/2*m**2. Give w(1).
-3
Suppose 390 = 74*u + 56*u. Let y(i) = i**3 - 5*i**2 + i + 2. Determine y(u).
-13
Let s(b) = -b**3 - 6*b**2 - 3*b - 1. Let m(v) = -58*v + 922. Let w be m(16). Determine s(w).
17
Let p(d) = 4*d - 5. Suppose 75 = 4*j + 7. Suppose 4*x + 30 = 2*f - 4*f, -4*f = -3*x - j. Calculate p(x).
-33
Let y(p) = p - 1. Let l be y(-5). Let z(r) be the second derivative of -r**4/12 - r**3 - 5*r**2/2 + 9*r + 16. Determine z(l).
-5
Let s(w) = -w**3 + 2*w**2 - w + 3. Let l(v) = v**3 - 5*v**2 + v - 6. Let z(i) = -2*l(i) - 5*s(i). Let p be 52/39*6/4. Give z(p).
27
Let m(c) = -c - 4. Let j(y) be the first derivative of y**4/4 - 7*y**3/3 + y**2/2 - y + 31. Suppose -7 = -2*g + 7. Let w be j(g). Give m(w).
-10
Let j be (-6)/3 - -3 - -1. Suppose 4*v - 4*h + 8 = 0, -v + 4 = j*h + 3. Let a(n) = 21*n - 40. Let t(z) = 32*z - 64. Let x(r) = -8*a(r) + 5*t(r). Give x(v).
8
Let t(d) = 0*d - d + 9*d**2 + 3*d**2 - 1. Suppose -21*r + 33 = 54. What is t(r)?
12
Suppose 5 = 3*k + v, -9*v + 8*v = -2. Let y(u) = 24*u - 19. Determine y(k).
5
Suppose 62*v + 103 = -19 + 184. Let z = -5 - -8. Let c(j) = -3*j**3 - 4*j**z + 2*j**2 + 4*j**3 - j. Determine c(v).
-2
Let z(x) = 12*x**2 + 33 - 7*x**3 - 50 - 17*x**3 - 16*x + 23*x**3. Give z(10).
23
Let c = 201 + -208. Let d be 1/(-7) - (c - (-192)/28). Let w(v) = v**3 + v**2 + v + 12. Calculate w(d).
12
Let n(w) = w**3 + 5*w**2 - 8*w - 9. Let c = -36 - 63. Let i = c - -123. Suppose 8*u - i = 12*u. Calculate n(u).
3
Suppose 5*u = 3*u. Let w(f) = -134*f - 33. Let m(z) = 161*z + 38. Let r(h) = 5*m(h) + 6*w(h). Give r(u).
-8
Let s(l) = 5*l**3 - 5*l**3 + 7*l + 4 + 13*l**3 - 12*l**3 + 6*l**2. Calculate s(-4).
8
Let n(x) = -157*x + 373. Let o(d) = 29*d - 74. Let a(m) = -2*n(m) - 11*o(m). Give a(-10).
118
Let s(a) = -a**3 - 6*a**2 - 6*a + 3. Let m(i) = i**2 + i - 2. Let d be m(-2). Let j be 2/(2/2) + d. Let u be j/(2/(-5) - 0). Calculate s(u).
8
Let q = 12 - 6. Suppose -q*w = w - 42. Suppose -3*a + w*a = -9. Let z(h) = -h**2 + 1. Calculate z(a).
-8
Let q(n) = 7*n**3 - 6*n**2 + 39*n - 38. Let j be q(1). Let r(v) = 62*v - 95. Calculate r(j).
29
Let h(j) = 7*j + 79. Let a(s) = -s - 10. Let i(c) = -5*a(c) - h(c). Calculate i(10).
-49
Suppose 0 = -11*z - 28 - 27. Let b be ((2/z)/(10/50))/(-1). Let n(p) = 2*p + 1. Calculate n(b).
5
Let k(u) = -58*u + 120. Let o(x) = -112*x + 233. Let z(t) = -7*k(t) + 4*o(t). Calculate z(2).
8
Let c(d) = -4*d**2 - 11*d + 2. Suppose 0 = 2*l + 5*a - 24, 42*l - 41*l + 33 = 5*a. What is c(l)?
-1
Let d(h) = 2*h - 7. Let x = 22911 + -22909. Calculate d(x).
-3
Let n be (-6)/((-8)/(4 + 0)). Let a(y) = -19 + 3*y + 11 + 2 + 2. What is a(n)?
5
Let u(a) be the third derivative of -a**6/120 - 19*a**5/60 + 29*a**4/24 + 57*a**3/2 + 4203*a**2 - 1. Determine u(-20).
-9
Let y(q) = q**3 - q + 24. Suppose 22*b - 19*b - 5*s = 32, 2*s = -4*b + 8. Suppose 25 = 8*v - 3*v, b*z + 15 = 3*v. Determine y(z).
24
Let p(h) = h**3 - h**2 + h + 2. Let v be p(2). Let m(z) = -44913*z - 55 + 43 + 44914*z. Calculate m(v).
-4
Let d(s) = s**3 - 4*s**2 - 30*s + 79. Let w(n) = -n**3 + 7*n**2 + 28*n - 80. Let c(o) = -3*d(o) - 4*w(o). What is c(17)?
-2
Let m(p) = 6*p**2 - 256*p - 14. Let c(d) = d**2 - 36*d + 1. Let b(a) = -7*c(a) + m(a). Give b(-10).
-81
Let p = 2 - 9. Let m = p + 18. Let y(v) be the third derivative of -v**6/120 + v**5/6 + 11*v**4/24 - v**3 + 13*v**2. Give y(m).
-6
Let x(u) be the second derivative of -u**3/6 - 7*u**2/2 + 2*u - 93. Give x(4).
-11
Let u(l) be the third derivative of -l**4/24 + l**3/3 + 2859*l**2. Determine u(-1).
3
Suppose -2*n = -27 + 31. Let l be ((-8)/(-18)*-6 + 3)*24. Let h be 3 - n*(-12)/l. Let b(m) = m**2 + m - 23. Determine b(h).
-23
Let i(k) be the third derivative of 1/2*k**3 + 49 + 1/24*k**4 + 0*k - 2*k**2. Suppose 6 = n - 2*n. Calculate i(n).
-3
Let o(z) = z + 1. Let k(r) = 2*r + 4. Let s(x) = -k(x) + o(x). Let n be s(5). Let c(g) = -g - 6. Let w be c(n). Let t(m) = m - 1. Give t(w).
1
Let k(o) = -52655*o. Let b(w) = 3717*w. Let i(m) = 85*b(m) + 6*k(m). Suppose 0*h - h = 0. Let u = h - -1. Give i(u).
15
Let s be 0/(-1) + 60/6 + -3. L